 the remainder when 18028 is divided by 14.
10
What is the remainder when 1333869 is divided by 38?
31
What is the remainder when 4848 is divided by 824?
728
What is the remainder when 25505 is divided by 8481?
62
Calculate the remainder when 447 is divided by 2.
1
What is the remainder when 12249 is divided by 12230?
19
Calculate the remainder when 45657 is divided by 275.
7
What is the remainder when 44930 is divided by 146?
108
What is the remainder when 38661 is divided by 179?
176
Calculate the remainder when 7086 is divided by 51.
48
What is the remainder when 116337 is divided by 1615?
57
Calculate the remainder when 20634 is divided by 6878.
0
Calculate the remainder when 311 is divided by 62.
1
What is the remainder when 10203 is divided by 1543?
945
Calculate the remainder when 31164 is divided by 31039.
125
What is the remainder when 95113 is divided by 2797?
15
What is the remainder when 1173239 is divided by 11?
1
Calculate the remainder when 114 is divided by 71.
43
Calculate the remainder when 94156 is divided by 905.
36
What is the remainder when 11396 is divided by 2277?
11
What is the remainder when 77047 is divided by 1?
0
What is the remainder when 175224 is divided by 99?
93
Calculate the remainder when 1603 is divided by 193.
59
What is the remainder when 8004 is divided by 431?
246
Calculate the remainder when 411 is divided by 98.
19
Calculate the remainder when 28621 is divided by 462.
439
What is the remainder when 511 is divided by 60?
31
Calculate the remainder when 9863 is divided by 327.
53
What is the remainder when 61516 is divided by 535?
526
Calculate the remainder when 6077 is divided by 68.
25
Calculate the remainder when 6312 is divided by 6255.
57
What is the remainder when 2246 is divided by 478?
334
Calculate the remainder when 28126 is divided by 1044.
982
What is the remainder when 139767 is divided by 76?
3
What is the remainder when 86217 is divided by 90?
87
Calculate the remainder when 97458 is divided by 3143.
25
What is the remainder when 1494 is divided by 15?
9
Calculate the remainder when 9984 is divided by 672.
576
Calculate the remainder when 94053 is divided by 4.
1
Calculate the remainder when 485 is divided by 70.
65
Calculate the remainder when 61250 is divided by 74.
52
Calculate the remainder when 1832 is divided by 869.
94
Calculate the remainder when 5308 is divided by 87.
1
What is the remainder when 15193 is divided by 15184?
9
Calculate the remainder when 3596 is divided by 302.
274
What is the remainder when 212323 is divided by 1264?
1235
What is the remainder when 3252 is divided by 794?
76
What is the remainder when 75329 is divided by 1016?
145
Calculate the remainder when 23366 is divided by 241.
230
Calculate the remainder when 230 is divided by 69.
23
Calculate the remainder when 1870 is divided by 103.
16
Calculate the remainder when 578820 is divided by 26.
8
Calculate the remainder when 11165 is divided by 4752.
1661
Calculate the remainder when 188726 is divided by 370.
26
What is the remainder when 46577 is divided by 81?
2
What is the remainder when 397346 is divided by 29?
17
What is the remainder when 8432 is divided by 367?
358
What is the remainder when 22027 is divided by 2751?
19
What is the remainder when 21633 is divided by 601?
598
What is the remainder when 21146 is divided by 2983?
265
What is the remainder when 15549 is divided by 8?
5
What is the remainder when 6716 is divided by 105?
101
Calculate the remainder when 16456 is divided by 8109.
238
Calculate the remainder when 198094 is divided by 957.
952
What is the remainder when 17387 is divided by 158?
7
Calculate the remainder when 1471550 is divided by 17.
13
What is the remainder when 101677 is divided by 62?
59
Calculate the remainder when 2910 is divided by 368.
334
Calculate the remainder when 1833 is divided by 762.
309
Calculate the remainder when 19645 is divided by 187.
10
Calculate the remainder when 19386 is divided by 668.
14
Calculate the remainder when 18894 is divided by 4721.
10
What is the remainder when 1435 is divided by 67?
28
What is the remainder when 1841350 is divided by 41?
40
Calculate the remainder when 89530 is divided by 47.
42
Calculate the remainder when 4050 is divided by 54.
0
Calculate the remainder when 3999 is divided by 3995.
4
What is the remainder when 259545 is divided by 27?
21
Calculate the remainder when 92838 is divided by 33.
9
What is the remainder when 56038 is divided by 43?
9
What is the remainder when 1432 is divided by 350?
32
Calculate the remainder when 38383 is divided by 9595.
3
Calculate the remainder when 20277 is divided by 322.
313
Calculate the remainder when 21438 is divided by 24.
6
What is the remainder when 9841 is divided by 163?
61
Calculate the remainder when 13266 is divided by 31.
29
What is the remainder when 52188 is divided by 26089?
10
Calculate the remainder when 31525 is divided by 11.
10
What is the remainder when 1435 is divided by 85?
75
What is the remainder when 413335 is divided by 166?
161
Calculate the remainder when 2395 is divided by 171.
1
Calculate the remainder when 13088 is divided by 569.
1
Calculate the remainder when 3997 is divided by 91.
84
What is the remainder when 82366 is divided by 13724?
22
What is the remainder when 452 is divided by 101?
48
What is the remainder when 173111 is divided by 18?
5
Calculate the remainder when 42063 is divided by 78.
21
What is the remainder when 50618 is divided by 1177?
7
What is the remainder when 94848 is divided by 73?
21
What is the remainder when 662 is divided by 169?
155
Calculate the remainder when 3226 is divided by 12.
10
Calculate the remainder when 70457 is divided by 250.
207
Calculate the remainder when 29309 is divided by 6.
5
What is the remainder when 195757 is divided by 21?
16
Calculate the remainder when 64714 is divided by 1704.
1666
What is the remainder when 13364 is divided by 1838?
498
What is the remainder when 297435 is divided by 53?
52
Calculate the remainder when 39413 is divided by 394.
13
What is the remainder when 22156 is divided by 669?
79
Calculate the remainder when 4752862 is divided by 16.
14
Calculate the remainder when 3293 is divided by 137.
5
What is the remainder when 27870 is divided by 143?
128
What is the remainder when 3398 is divided by 704?
582
Calculate the remainder when 529610 is divided by 780.
770
Calculate the remainder when 239944 is divided by 1182.
1180
What is the remainder when 26034 is divided by 59?
15
What is the remainder when 70494 is divided by 3710?
4
What is the remainder when 16037701 is divided by 297?
295
What is the remainder when 11839 is divided by 2365?
14
What is the remainder when 202367 is divided by 22?
11
Calculate the remainder when 10211 is divided by 7.
5
Calculate the remainder when 1679575 is divided by 126.
121
What is the remainder when 341188 is divided by 9?
7
Calculate the remainder when 734 is divided by 126.
104
What is the remainder when 11433 is divided by 1437?
1374
Calculate the remainder when 45990 is divided by 2546.
162
What is the remainder when 2567 is divided by 4?
3
Calculate the remainder when 33924 is divided by 1045.
484
Calculate the remainder when 28847 is divided by 340.
287
What is the remainder when 282 is divided by 62?
34
Calculate the remainder when 33496 is divided by 905.
11
Calculate the remainder when 1093508 is divided by 9.
8
What is the remainder when 2982 is divided by 18?
12
What is the remainder when 248 is divided by 27?
5
What is the remainder when 59962 is divided by 11986?
32
Calculate the remainder when 653 is divided by 280.
93
What is the remainder when 46169 is divided by 45?
44
Calculate the remainder when 115200 is divided by 127.
11
What is the remainder when 284736 is divided by 6058?
10
What is the remainder when 8743 is divided by 315?
238
Calculate the remainder when 2599 is divided by 20.
19
What is the remainder when 1022350 is divided by 220?
10
What is the remainder when 3663 is divided by 269?
166
Calculate the remainder when 6753 is divided by 154.
131
Calculate the remainder when 1661 is divided by 496.
173
Calculate the remainder when 2425 is divided by 790.
55
Calculate the remainder when 6669 is divided by 555.
9
What